Let n(s) = -s + 1. Let f(b) = 4*n(b) - w(b). Let r = -1 + 1. Calculate f(r).
-7
Suppose -8 - 4 = 2*d. Let z(t) = -t - 2. Calculate z(d).
4
Suppose y - 3*y = -8. Let v(h) = 1 - 7 + 2 + y*h. Determine v(3).
8
Let u(w) be the second derivative of -w**5/30 - w**4/12 - w**2/2 - w. Let f(g) be the first derivative of u(g). Calculate f(-2).
-4
Let m(x) = 2*x**2 - 1 - x**2 + 1 - x. Let l(b) = 2*b**2 - 8*b - 4. Let y(w) = l(w) - 3*m(w). Calculate y(-3).
2
Let q = -25 + 23. Let c(u) be the third derivative of u**4/6 + u**3/2 + u**2. Calculate c(q).
-5
Let u(t) = t**2 + 3*t + 4. Let v be u(-6). Let k(m) = -2 + 6 + 2*m**2 + 0*m - 3*m. Let j(x) = 7*x**2 - 11*x + 15. Let z(s) = v*k(s) - 6*j(s). Determine z(-2).
6
Let x(j) be the second derivative of -j**4/6 - j**3/6 - j**2/2 + j. Suppose -h = -t - 8, -6*t = -4*h - 4*t + 28. Let y be h/(-5) - (-4)/20. Give x(y).
-2
Let p = 7 + -5. Suppose p*b = 4*b. Let x(j) = j**2 + 2*j - j - 2*j**3 + 3*j**3. Determine x(b).
0
Let h(p) be the first derivative of -17*p**2/2 - 11*p + 1. Let f(j) = -9*j - 6. Let m(k) = -5*f(k) + 3*h(k). What is m(-2)?
9
Let o(p) = p**3 + 2*p**2 - 2*p - 1. Let b be 5/(-3)*-6 - 0. Suppose -5*c = -2*c - 12. Let v be (c/b)/((-3)/15). What is o(v)?
3
Let k(d) be the third derivative of d**4/8 + d**3/6 - 22*d**2. Give k(-6).
-17
Let h(m) = m**2 + 6*m - 2. Let k be h(-7). Let n(i) = k - 3 - i - 5. Determine n(3).
-6
Suppose 0 = 7*b - 4*b. Let z(a) = a**2 - 1 - 5 + 2. Let w be z(b). Let k(v) = v**3 + 4*v**2 + v + 5. Determine k(w).
1
Let p(s) = -5*s**2 - 2*s + 3. Let a(m) = 11*m**2 + 3*m - 5. Let z(h) = 4*a(h) + 7*p(h). Calculate z(1).
8
Let k(l) = l**2 + 5*l + 4. Let n be k(-5). Let r(w) = w + n + w - w. Give r(0).
4
Suppose -2*q - 3 = -2*y + 1, -2*q - 10 = -4*y. Suppose -5*s + 15 + 10 = 4*p, 4*p - 20 = -4*s. Let j(k) = -3 - y + s - k + 3*k. Determine j(2).
3
Let o(h) = h**2 + 1. Let f(z) = -3*z - 9. Let d be f(-2). Give o(d).
10
Let f(g) = g**3 + 3*g**2 - 3*g - 4. Suppose 5*c + 3*v = -6, -3*v + 7*v = -c + 9. Calculate f(c).
5
Let m(u) be the first derivative of -7*u**4/4 - u**3/3 - u**2 - u + 58. What is m(-1)?
7
Let h = -2 - -6. Suppose 4 = 4*c - 4*q, -h*q = -2*c + c - 5. Suppose 2*v + c = 13. Let p(j) = j**2 - 6*j + 2. What is p(v)?
-3
Let o(z) = -5*z**2 - z + 1. Let p be o(1). Let i(c) = -c**2 - 5*c - 6. Give i(p).
-6
Let i(j) = -j + 2. Let c be i(0). Suppose -q + 4 = 0, -4*f + 2*q = -0*f - 12. Let z(x) = -x + 8*x + x**3 + f*x**c - 3*x. Determine z(-4).
0
Let g(c) = c**3 + 7*c**2 + 6*c - 3. Let a(w) = -3*w + 2. Let f be a(-2). Suppose n + 2*s = -f, -2*n - n - 20 = 2*s. What is g(n)?
-3
Let y(c) be the first derivative of -c**4/4 - c**2/2 - 1. Let n(q) = -q + 2. Let u be n(-3). Suppose 0 = u*t - 7*t + 2. Give y(t).
-2
Let d(s) = -s**3 - 4*s**2 + s - 3. Suppose 4*b = 3*w - 9, -b - b + 15 = 5*w. Suppose 0*o = -w*o + 30. Let l = -14 + o. What is d(l)?
-7
Let i(a) = -11 - 9*a + 3*a - 2 + 6 + a**3 + 4*a**2. Determine i(-5).
-2
Let k be 1/2*0/1. Suppose -3*g - 5 = 7*c - 3*c, k = -4*g + 2*c - 36. Let m(a) = -a**2 - 6*a + 8. Determine m(g).
1
Let j be 1*5 + 0/1. Suppose -w + 18 = n - 5*n, 2*n = 5*w - 18. Let s(h) = -3 - 5 + w*h - h. What is s(j)?
-3
Let l = -50 - -41. Let p(t) = t**3 + 9*t**2 + 4. What is p(l)?
4
Let l(t) = -2*t. Let v = -7 - -12. Give l(v).
-10
Let p(v) be the second derivative of v**6/720 + v**5/60 - v**4/4 - v. Let c(t) be the third derivative of p(t). Give c(-5).
-3
Let x(o) = -o**3 - 4*o**2 + 5*o + 2. Let l(a) = -a**2 + 3*a - 5. Let t be l(3). Calculate x(t).
2
Let w(v) = 0 + v + 0*v + 1. Calculate w(1).
2
Let i(d) be the third derivative of -d**4/24 - 2*d**3/3 - 4*d**2. Suppose -u - 12 = -3*u. What is i(u)?
-10
Let a(p) = 8 + 10 - p - 23. Let j = -4 - 2. What is a(j)?
1
Let a(u) = -2*u - 2. Suppose -9 = -2*s - 5*r, 0 = s + 3*s - 2*r + 42. Let m(g) = 2*g + 8. Let q be m(s). Let b = q - -5. Give a(b).
4
Suppose 5*r + 2*l - 9 = -l, -r - 3*l + 9 = 0. Suppose r*a - 4 = 2*a. Let n(v) = v - 5. Let p(c) = 2*c - 11. Let i(g) = 13*n(g) - 6*p(g). Give i(a).
-1
Suppose -21*w + 12 = -24*w. Let i(u) = -u**2 - 5*u - 2. What is i(w)?
2
Let d be (-8)/4 + (-7)/(-1). Let b(q) = 5*q**2 + 17*q - 14. Let r(l) = 3*l**2 + 9*l - 7. Let z(i) = -4*b(i) + 7*r(i). Determine z(d).
7
Let k(x) = -x + 3. Let f(c) = -1. Let j(q) = 4*f(q) + k(q). Let l(t) = -3*t - 5. Let z be l(-4). Let y = z - 12. Give j(y).
4
Let g = -31 - -32. Let u(q) = 21*q**2 - 10*q**2 - q + 2*q. Give u(g).
12
Let u(g) = 6*g + 9. Let s(q) be the third derivative of q**4/8 + 2*q**3/3 + 4*q**2. Let o(z) = -7*s(z) + 3*u(z). Let y be (-1)/2 - (-2)/(-4). What is o(y)?
2
Suppose -5*d + a - 3 - 6 = 0, -17 = d - 4*a. Let v(m) = -3*m**2 + m + 1. Give v(d).
-3
Let w(l) be the second derivative of 0 + 8*l - 7/2*l**2 + 1/3*l**3. Give w(6).
5
Let u = -8 + 14. Let n(g) = g**3 - 2*g**2 + 2*g - 2. Let k be n(2). Let f(a) = -3 + 0 + a**k - 7*a + u + 3. Calculate f(4).
-6
Suppose 0 = 3*t - 3 - 6. Suppose -a = 4*m + t, -2*m = -4*a + m + 7. Let n(j) be the first derivative of 4*j**3/3 + j - 1. What is n(a)?
5
Let l(o) = -2*o + 3. Suppose 0 = 3*x + 5 - 17. What is l(x)?
-5
Let v(x) = 6*x - 1. Suppose 7*u = u + 12. Suppose -b = f - 2, -u*b + 2 = f - 1. Calculate v(b).
5
Let f be ((-4)/3)/((-6)/27). Let a be (36/(-16))/(f/(-16)). Let n = a + -8. Let g(l) = -l**3 - 3*l**2 - 2*l - 2. Calculate g(n).
-2
Let v(g) = -2 - 2 + 7 - 1 - 3*g. Determine v(2).
-4
Let i(d) be the first derivative of 2*d**2 + 7*d + 13. What is i(-6)?
-17
Suppose -3*j + 9 = 0, -28 = s + 3*s - 4*j. Let c(z) = z**3 + 5*z**2 + 2*z + 1. Determine c(s).
9
Suppose -1 = b, b + 5 = -3*t + 5*t. Let q(c) = 0*c + c - 10 - t*c. Calculate q(-5).
-5
Let z(y) be the first derivative of -3*y + 1/4*y**4 + 0*y**2 - 2 + y**3. Let r = 5 + -8. Calculate z(r).
-3
Suppose -4*s - 20 = 3*z, -s = s + z + 8. Let i be (0/(-3))/(4/s). Let v(w) = 4 + w**2 + 5 - w - 2. Determine v(i).
7
Let s(q) = 6*q**2 + 1. Let c = 0 - -1. Suppose -2*m - m + c = 4*t, 0 = t - 3*m + 11. Let v be -1 + 4 + (t - 0). What is s(v)?
7
Let v(i) = -i**3 - 2*i**2 + 2*i + 3. Let s = 18 - -17. Suppose -4*n + 7*n + r = 7, 3*r = 5*n - s. Let m = -6 + n. Determine v(m).
-1
Let t(y) = y**3 + y + 1. Let h(f) = f - 8. Let g be h(8). Determine t(g).
1
Let o(d) = 263*d**3 + 3 - 3*d - 135*d**3 + 5*d**2 - 129*d**3. Suppose 6 = j + 2. Calculate o(j).
7
Let g(u) = 4 - u - 1 - u + 4*u. Suppose -2*z + 4*o + 4 = 0, 4*z = -3*o - 2*o - 18. Give g(z).
-1
Let o(x) = -3*x - 6 + 12*x + 0 - 8*x. Let y be o(3). Let d(q) = q**3 + 3*q**2 - q - 2. Determine d(y).
1
Let f(j) = -j**3 - 4*j**2 + j. Let g be (-8)/1*(42/(-12))/(-7). What is f(g)?
-4
Let m = -6 + 10. Suppose m*s - 3 - 13 = 0. Let g(h) = -6*h + h**2 + s - 7 + h + 3*h. Determine g(4).
5
Let r(b) = -5*b + 1. Let s(f) = -6*f. Let w be s(-1). Let v(k) = 4*k - 2. Let a(u) = w*v(u) + 5*r(u). Let z = -1 + 1. Calculate a(z).
-7
Let r(v) = -6*v - 1 - 2*v + 0*v + 3*v. Determine r(1).
-6
Let y(r) = 3*r**2 + r + 0*r**2 + 27*r**3 + 22*r**3 - 47*r**3. Determine y(-2).
-6
Let s(l) be the third derivative of -2/3*l**4 - 5*l**2 - 1/6*l**3 + 0 + 0*l. What is s(-1)?
15
Let i(k) = -k + 8. Let b(m) = -m - 6. Let r be b(-6). Let y(p) = p + r*p + 2 + 0*p. Let g be y(-2). What is i(g)?
8
Let t(o) = -o**3 - 3*o**2. Let q(g) = g**2 + 4*g. Let z = -3 - 0. Let c be q(z). Give t(c).
0
Let w(p) = p**3 - 4*p**2 - 4*p - 3. Let j be w(5). Let r(m) be the first derivative of -m - 8*m**2 - 3*m + 3*m**j - 1 + 4*m**2. Give r(-4).
4
Suppose 5*m - 4 = 6. Let o(f) = -f**2 - 2. Determine o(m).
-6
Let t = -11 - -18. Let y(c) = -c**2 + 4*c - 1. Calculate y(t).
-22
Let l(m) be the second derivative of 0 + m**2 - 1/20*m**5 + 5/6*m**3 + 1/3*m**4 + m. Suppose 5*p = 3*p + 10. What is l(p)?
2
Let n(m) = -m**3 - m**2 + 4*m + 3. Let r(y) = -y**2 - 7*y + 10. Let h be r(-8). Suppose -2*l - l - 4*p - 26 = 0, h*p = 2*l - 6. Give n(l).
-1
Let g(o) = -2*o**2 + o + 1. Let b be 6 + -7 + 4 + -1. What is g(b)?
-5
Let h(x) = x + 1. Let y(z) = -z. Let p(i) = -2*i. Let d be p(2). Let k be y(d). Suppose 9 + 11 = k*f. Calculate h(f).
6
Let c be 3/(-1)*-1 - 0. Suppose a - 7 = -5*h, -3 = 3*a - 2*h - 7. Let k(d) = -d**2 - d + d + a*d - 4. Determine k(c).
-7
Suppose 0 = -3*c - c. Suppose c = -3*k + 3. Let y(n) be the third derivative of 3*n**6/40 + n**5/60 - n**3/6 + 3*n**2 + 1. Determ